1. Let m be n(3). Let h be (4 - m) + (1 - -66). Let y(z) = -5 + 64*z + 3 - z**2 - h*z. Give y(-3).
-2
Let u(m) = -m**3 - m**2 - 2*m - 1. Let k be ((-1)/2)/(-1)*-2. Let j be u(k). Let l(v) = -2*v**2 - v. Give l(j).
-3
Let z(t) = -t**3 - 5*t**2 - 2*t - 2. Let k(y) be the first derivative of -y**3/3 + 7*y**2/2 - 7*y + 1. Let a be k(5). Let v be 3/(a/(-2)) - 0. What is z(v)?
-10
Suppose -b + 4 = 3*b. Let q be -3 - -3 - (1 - b). Suppose 5*w + 7 = -2*h + 34, q = 2*w + 5*h - 15. Let v(a) = -2*a + 7. Calculate v(w).
-3
Let a(m) be the second derivative of m**6/360 - m**5/20 + m**4/12 - 5*m**3/6 + 3*m. Let p(q) be the second derivative of a(q). Give p(6).
2
Let a(l) = 2*l**3 - 2*l**3 + l**3 + 4. Let k be 2/(-3) - 17/(-3). Suppose -3*c + 8 = b + 2, 0 = -4*b - k*c + 10. Calculate a(b).
4
Let c(w) = -w**2 + 5*w + 2. Suppose -i - 4*i = -25. Determine c(i).
2
Let w = 36 + -19. Let l = -16 + w. Let h(r) = 3*r**2 + 2*r - 1. Give h(l).
4
Let d(r) = -8*r**2 + 4*r - 5. Let w(s) = 3*s**2 - s + 2. Let z(p) = -4*d(p) - 11*w(p). Give z(-6).
-8
Let x(k) = -k**2 + 6*k. Let y(z) = 6*z - 6. Let f be y(2). What is x(f)?
0
Let j(c) = c + 6. Let l be j(0). Let f = l - -3. Let w be ((-12)/(-10))/(f/30). Let d(r) = r**2 - 6*r + 2. What is d(w)?
-6
Suppose 0 = -3*d + 7*d - 12. Let k(w) = 6*w - 5 - 5*w + 0*w + d. Determine k(1).
-1
Suppose 3*l - 6*l = 3. Let g(y) = y**3 + y**2 - 3*y + 1. Let v(o) = 3*o**3 + 2*o**2 - 7*o + 2. Let h(p) = 9*g(p) - 4*v(p). Give h(l).
4
Let y(m) = -4*m**3 + 5*m**2 + 2*m + 1. Let d(n) = -n**3 + n**2 + n - 1. Let z(g) = 3*d(g) - y(g). Determine z(3).
8
Let r(y) = y**2 + 4*y + 1. Suppose -5*q = -2*q - 15. Let d(h) be the first derivative of -h**3 - 7*h**2/2 - 2*h - 3. Let b(i) = q*r(i) + 3*d(i). Give b(-1).
-4
Let l(t) = -3*t**2 + 2*t + 1. Suppose 0 = 2*i + 6, -4*i - 5 = 5*y + 2. Let u = 3 - y. Give l(u).
-7
Let k(u) = -u**3 - 3*u**2 + u + 2. Let z(r) = -4*r**3 + r. Let s be z(-1). Let q be ((-2)/s)/((-4)/(-12)). What is k(q)?
-4
Let x(f) be the second derivative of 2*f**3/3 + 7*f**2/2 - 7*f. What is x(-6)?
-17
Let h(q) = q - 4. Let u(o) = 2*o - 8. Let t(s) = -5*h(s) + 2*u(s). Suppose k = -11 - 11. Let f be k/6 - 2/(-3). Calculate t(f).
7
Let d(i) be the second derivative of -i**5/5 + i**4/6 - i**3/3 + i**2/2 - 13*i. Calculate d(1).
-3
Let o(r) be the second derivative of -r**3/6 - 3*r**2 - 24*r. Give o(-10).
4
Let x be 4/(-6) + (-5)/(-3). Let k(i) be the second derivative of 0*i**2 - i + 1/6*i**3 - 1/4*i**4 + 0. Give k(x).
-2
Let m = -52 + 55. Let u(r) = r**2 + r - 2. What is u(m)?
10
Let l(s) = s - 2. Let u be (-182)/10 - 5/(-25). Let c = u + 19. What is l(c)?
-1
Let h = 62 + -121/2. Let j(m) be the third derivative of 0 - h*m**3 - 2*m**2 + 0*m - 1/24*m**4. Give j(-4).
-5
Let h(o) be the second derivative of o**5/2 + o**4/6 - o**3/6 + 10*o. Determine h(1).
11
Let t(a) = 15*a**3 + a**2 - a - 1. Let m(k) = -k + 3. Let v be m(4). Calculate t(v).
-14
Let u(c) be the first derivative of c**4/4 + c**3/3 - 3*c**2/2 + 9. Let f(r) = -r**2 + 3*r - 3. Let d be f(3). Calculate u(d).
-9
Suppose 0 = -4*x + 5*x, -1 = p + 4*x. Let f(m) = -4*m**2 - m. Give f(p).
-3
Let l(c) = 0*c**2 - 2*c**2 + 2*c**2 + c**2 - 4*c. Give l(3).
-3
Let m(v) = v**3 - 5*v**2 - 8*v + 6. Suppose -2*w + 6*w - 32 = 0. Let f be (-1)/2*(-4 - w). What is m(f)?
-6
Let z(o) = o**2 + 19 + 6*o - 4 - 10. Suppose -3*x = 2 + 16. Calculate z(x).
5
Let c(h) = -15*h - 1. Let p be c(-1). Suppose 2*u + p = -0*u - j, -4*j = u. Let w be 1/(-2) - (-28)/u. Let z(d) = -d**2 - 3*d - 2. What is z(w)?
-6
Let q(f) = 0*f + 1 + 0*f - f + 2. What is q(3)?
0
Suppose -42 = 5*z - 4*q, 0 = -9*z + 4*z + q - 33. Let r(n) = n**2 + 3*n - 6. Give r(z).
12
Let y = -1 + 3. Let r(l) = 2 - 2*l**y + 1 + 3*l + l**2. Give r(4).
-1
Suppose i + 5 = 3*d + 5*i, 4*d - 3*i - 40 = 0. Let u = 0 + 3. Suppose 0 = -2*b + u*f - 7, 3*f - d*f + 7 = -5*b. Let a(l) = -l**2 + l + 1. Give a(b).
1
Let h(t) = -10*t**2 - 5*t + 4 + 7*t - 5. What is h(1)?
-9
Suppose 50 - 8 = 3*l. Suppose -h = p + 11, 0 = -2*h + 6*h - 2*p + l. Let f(u) = -u. Determine f(h).
6
Let h(t) be the first derivative of 1 + 1/2*t**2 + 5*t. Give h(-4).
1
Let j be 23/(-4) - (-2)/(-8). Let k(q) = q**3 - q**2 - q. Let h(b) = -4*b**3 + 12*b**2 + 10*b - 8. Let p(y) = -h(y) - 5*k(y). Determine p(j).
2
Let h(x) be the third derivative of 1/24*x**4 + 0 + 0*x - x**2 + 0*x**3. Let b = 11 - 15. What is h(b)?
-4
Let r(n) be the first derivative of -n**5/60 - n**4/12 + n**3 + 2. Let z(d) be the third derivative of r(d). Calculate z(-3).
4
Let h(o) be the third derivative of o**6/120 - 3*o**5/20 - o**4/2 + 5*o**3/2 + 50*o**2. Determine h(10).
-5
Let o(u) = u**3 + u + 2. Suppose 0*w = -w. Let g be o(w). Let k(x) be the first derivative of -x**2/2 + 2*x + 1. What is k(g)?
0
Suppose 5*d - 8 = 2. Let r(h) = -h. Let b(i) = -7*i + 2. Let k(n) = -b(n) + 2*r(n). Calculate k(d).
8
Let r(g) be the second derivative of -g**5/20 - 7*g**4/12 - g**3 - 9*g**2/2 + 8*g. Give r(-6).
-9
Let a = 5 + -9. Let j(n) = -3*n - 6. Let r be j(a). Let t(c) = -c + 10. Determine t(r).
4
Suppose 0 = -w - 2*t + 2, -3*w - 4*t - 4 = -0. Let p = w + 3. Let x(l) = l**3 + 5*l**2 + l - 3. Give x(p).
-8
Let k(p) = -p**3 - 8*p**2 - 5*p + 9. Suppose -2*h + 5*v + 2 = -3*h, 0 = 4*h + 2*v + 26. Calculate k(h).
-5
Let j(s) = -5*s**2 - s - 1. Suppose -4*w = 8 - 4. What is j(w)?
-5
Let b(s) = -s + 7. Suppose 2*y + 0*y - 9 = -5*j, -2*j + 4 = y. Suppose -p - 22 = -5*k, 2*k - y*p - 3 = 1. Let z = k - 0. Give b(z).
2
Let u = 8 - 5. Let w(r) = -r**3 + 4*r**2 - 2*r - 1. Determine w(u).
2
Let t(w) be the first derivative of w**2/2 + 55. Calculate t(-7).
-7
Let o(z) = -z**3 + z**2 - 4. Let r(d) = -5*d - 1. Let m = -3 + 2. Let f be r(m). Suppose 5*t - a = -f, a - 4 = 4*t - t. What is o(t)?
-4
Let s(p) be the third derivative of -1/720*p**6 + 2*p**2 - 1/8*p**4 + 0*p + 7/120*p**5 + 0*p**3 + 0. Let t(q) be the second derivative of s(q). What is t(4)?
3
Let i(n) = -2 + 4*n**2 - n + 2*n**2 + n**3 - n**2 + 0*n**2. Give i(-3).
19
Let k(q) = -q**2 - 3. Let z be (6/(-9))/(8/(-60)). Suppose 0 = 2*w - z*w + 9. Determine k(w).
-12
Let f(t) be the third derivative of -3*t**4/8 + t**3/6 - t**2. Let x(b) = 2*b**2 + 3*b - 3. Let r be x(-3). Let u = 5 - r. Give f(u).
10
Suppose 0 = 2*s - 14 + 4. Let a(i) = -s + 5 - i. What is a(4)?
-4
Suppose 5*j + 6 - 1 = 0. Let l(m) = m**3 - 8*m**2 - 2. Let f be l(8). Let h = f - j. Let o(q) = 5*q**3 - q**2 + 1. Determine o(h).
-5
Let w(q) = -q**3 - 2*q + 0*q - 5*q - 5*q**2 - 1 + 3*q. Let m be w(-3). Let p(v) = v**3 + 8*v**2 + 7*v. Calculate p(m).
0
Let u = -2 + 2. Let l(y) = -y**3 - y + 4. Let w be l(u). Let q(t) be the third derivative of -t**5/60 + t**4/6 - t**3 + 13*t**2. Calculate q(w).
-6
Let h(u) = 2*u + 4*u - u - u**2 - 2 + 4. Determine h(6).
-4
Let q(i) = i - 1. Let j be q(2). Let d(r) = r**3 + r**2 - 2. Let o(m) = -1 + 2*m**3 + 0 + 0. Let l(n) = -2*d(n) + 3*o(n). What is l(j)?
3
Let l(i) = -i**2 + 2*i - 1. Let q(y) = 3*y - 1. Let s be q(1). Calculate l(s).
-1
Let j(n) = 3*n**3 - 15*n**2 + 20*n + 20. Let x(z) = -z**3 + 5*z**2 - 7*z - 7. Let i(y) = -4*j(y) - 11*x(y). Let t(w) = w + 1. Let p be t(3). Determine i(p).
1
Let p(a) be the third derivative of -a**5/60 + 7*a**4/24 + a**3/6 + 23*a**2. Give p(7).
1
Let o(b) = -5*b**3 + b**2 - 1. Let d be 2 - ((0 - 8) + 1). Suppose 2*p = u - d, -2*u + 22 = -p - 4*p. What is o(u)?
-5
Let h(v) = 0 + 3 + v - 6*v. Let l(j) = -20*j + 13. Let p(t) = -9*h(t) + 2*l(t). What is p(2)?
9
Let l(b) = b**2 + b - 6. Let v = -11 + 11. Determine l(v).
-6
Let s(j) = 2*j**2 - 2*j - 3. Let w(k) be the first derivative of -k**3/3 - 5*k**2 - 9*k + 2. Let h be w(-8). Let v = -4 + h. Determine s(v).
9
Let l = 3 - 2. Let a(x) = -x - 1. Let b(m) be the third derivative of -m**4/2 - 7*m**3/3 - 2*m**2. Let w(s) = -28*a(s) + 2*b(s). Calculate w(l).
4
Let l = 0 - -3. Let s be (2 - l)*(2 - 3). Let w(q) = 6 - 5 + q - 1 + 6*q**3. Give w(s).
7
Suppose 0 = i - 4*i + 15. Let n(a) = -a + 3. Determine n(i).
-2
Let r be -2*1/4*-4. Let f(g) = -4*g + 4. Let n(c) = -13*c + 13. Let s(x) = 7*f(x) - 2*n(x). What is s(r)?
-2
Let u(g) be the third derivative of -g**6/120 + g**5/12 - g**4/4 + g**3/2 - g**2. Let q(n) = 2*n**2 - 4*n - 4. Let o be q(4). Let h = -8 + o. Give u(h).
-5
Let j(a) be the first derivative of -a**3/3 + a**2/